{"id":97,"date":"2022-08-31T15:03:16","date_gmt":"2022-08-31T18:03:16","guid":{"rendered":"https:\/\/www.nublesalas.esquerreconsultores.cl\/?post_type=salas&#038;p=97"},"modified":"2022-08-31T15:03:16","modified_gmt":"2022-08-31T18:03:16","slug":"universidad-catolica-de-la-santisima-concepcion","status":"publish","type":"salas","link":"https:\/\/www.nublesalas.esquerreconsultores.cl\/index.php\/salas\/universidad-catolica-de-la-santisima-concepcion\/","title":{"rendered":"Universidad Cat\u00f3lica de la Sant\u00edsima Concepci\u00f3n"},"content":{"rendered":"","protected":false},"featured_media":98,"template":"","class_list":["post-97","salas","type-salas","status-publish","has-post-thumbnail","hentry"],"_links":{"self":[{"href":"https:\/\/www.nublesalas.esquerreconsultores.cl\/index.php\/wp-json\/wp\/v2\/salas\/97","targetHints":{"allow":["GET"]}}],"collection":[{"href":"https:\/\/www.nublesalas.esquerreconsultores.cl\/index.php\/wp-json\/wp\/v2\/salas"}],"about":[{"href":"https:\/\/www.nublesalas.esquerreconsultores.cl\/index.php\/wp-json\/wp\/v2\/types\/salas"}],"wp:featuredmedia":[{"embeddable":true,"href":"https:\/\/www.nublesalas.esquerreconsultores.cl\/index.php\/wp-json\/wp\/v2\/media\/98"}],"wp:attachment":[{"href":"https:\/\/www.nublesalas.esquerreconsultores.cl\/index.php\/wp-json\/wp\/v2\/media?parent=97"}],"curies":[{"name":"wp","href":"https:\/\/api.w.org\/{rel}","templated":true}]}}

Universidad Católica de la Santísima Concepción
